
22
Calculate the highest common divisor of 1060 and 1435505.
265
What is the greatest common factor of 3276 and 21931?
91
Calculate the greatest common divisor of 102 and 1614.
6
Calculate the highest common factor of 693 and 296181.
9
What is the greatest common divisor of 267715 and 35?
35
Calculate the greatest common divisor of 3585 and 86757.
717
What is the highest common factor of 3646325 and 1570?
785
What is the greatest common factor of 11460 and 3660?
60
Calculate the greatest common factor of 8815 and 121690.
215
Calculate the greatest common divisor of 197 and 7737766.
197
What is the greatest common divisor of 16541 and 357?
119
What is the highest common factor of 96 and 102972?
12
Calculate the greatest common divisor of 18070 and 34970.
130
Calculate the greatest common divisor of 42332 and 76.
76
What is the greatest common divisor of 1007 and 10971?
53
Calculate the greatest common factor of 142 and 118073.
71
What is the greatest common divisor of 9401 and 17696?
553
Calculate the highest common divisor of 20 and 2899070.
10
What is the greatest common factor of 60500 and 10?
10
Calculate the highest common divisor of 227003 and 14.
7
What is the highest common factor of 193739 and 91?
91
Calculate the greatest common divisor of 279274 and 4982.
94
What is the greatest common factor of 22095 and 3015?
45
What is the highest common factor of 9760 and 100?
20
What is the greatest common factor of 90663 and 423?
141
Calculate the highest common divisor of 37198 and 126.
14
Calculate the highest common divisor of 59573 and 615.
41
What is the highest common divisor of 14 and 124600?
14
Calculate the highest common factor of 11 and 37312.
11
Calculate the greatest common factor of 2 and 7442.
2
Calculate the highest common factor of 9852 and 9031.
821
What is the highest common divisor of 100 and 16900?
100
What is the greatest common factor of 36855 and 1080?
135
What is the greatest common factor of 66 and 2256?
6
What is the highest common divisor of 635 and 58039?
127
What is the highest common divisor of 126163 and 553?
79
What is the highest common divisor of 558 and 4878?
18
Calculate the greatest common divisor of 2079 and 35805.
231
What is the greatest common divisor of 4191 and 55506?
33
What is the highest common divisor of 854 and 154?
14
Calculate the highest common divisor of 310766 and 2.
2
Calculate the highest common divisor of 2414 and 272.
34
Calculate the highest common divisor of 27794 and 15054.
26
What is the highest common factor of 6384865 and 5?
5
Calculate the greatest common divisor of 189 and 4515.
21
Calculate the highest common factor of 90174 and 6726.
114
Calculate the highest common factor of 3 and 142977.
3
What is the highest common divisor of 310002 and 168?
42
Calculate the greatest common factor of 181500 and 220.
220
Calculate the greatest common factor of 16416 and 68096.
608
Calculate the greatest common divisor of 24968 and 24.
8
Calculate the greatest common factor of 1997973 and 36.
9
What is the highest common divisor of 211944 and 24?
24
What is the highest common divisor of 224 and 834512?
112
Calculate the highest common divisor of 286 and 131014.
26
Calculate the greatest common divisor of 243 and 190431.
81
What is the greatest common divisor of 92106 and 95319?
1071
What is the greatest common factor of 212250 and 52638?
1698
Calculate the greatest common divisor of 6828 and 594.
6
What is the greatest common divisor of 2412070 and 50?
10
Calculate the highest common divisor of 4641 and 346749.
663
Calculate the highest common divisor of 44110 and 154.
22
Calculate the highest common divisor of 1167 and 247015.
389
What is the highest common factor of 48 and 54?
6
What is the greatest common factor of 16821504 and 9?
9
Calculate the highest common factor of 5925 and 10170.
15
Calculate the highest common divisor of 26823 and 6.
3
What is the highest common divisor of 12559 and 817?
19
What is the highest common factor of 130911 and 627?
33
Calculate the highest common factor of 1340 and 2980.
20
What is the greatest common factor of 11052 and 234?
18
What is the greatest common divisor of 16 and 17086752?
16
Calculate the greatest common factor of 3726 and 92.
46
What is the greatest common factor of 115 and 3575?
5
What is the highest common divisor of 34787 and 43?
43
Calculate the highest common divisor of 21120 and 36.
12
What is the greatest common divisor of 96544 and 560?
112
Calculate the greatest common divisor of 922896 and 153.
153
Calculate the greatest common divisor of 14377 and 7535.
11
Calculate the highest common divisor of 393204 and 372.
372
Calculate the highest common factor of 146972 and 105.
7
Calculate the highest common divisor of 2646 and 4698.
54
What is the greatest common divisor of 55759 and 1221?
407
Calculate the highest common factor of 1525 and 205265.
305
Calculate the highest common divisor of 107282 and 42028.
1106
Calculate the highest common divisor of 296538 and 66.
66
What is the highest common factor of 71 and 1048102?
71
What is the greatest common divisor of 75896 and 4028?
212
Calculate the highest common divisor of 98784 and 1512.
504
Calculate the highest common divisor of 49 and 92071.
49
Calculate the greatest common divisor of 30422 and 70.
14
What is the greatest common divisor of 417 and 194878?
139
Calculate the highest common factor of 26 and 2088346.
26
What is the greatest common factor of 51804 and 108?
36
What is the greatest common divisor of 4043 and 154256?
311
Calculate the greatest common factor of 238 and 5432.
14
Calculate the highest common factor of 1574340 and 1140.
1140
What is the highest common divisor of 110 and 6736345?
55
Calculate the highest common divisor of 51 and 8853.
3
Calculate the greatest common factor of 413 and 22951.
59
Calculate the greatest common divisor of 324 and 10206.
162
Calculate the highest common factor of 684853 and 16263.
1807
What is the highest common factor of 2066395 and 58?
29
Calculate the highest common factor of 64674 and 54.
18
What is the greatest common factor of 190 and 169290?
190
What is the greatest common divisor of 514130 and 30?
10
Calculate the highest common factor of 138 and 2510358.
138
Calculate the highest common divisor of 504 and 553248.
72
Calculate the highest common factor of 479836 and 32.
4
Calculate the greatest common divisor of 31806 and 24552.
558
Calculate the highest common divisor of 10191 and 3792.
237
What is the greatest common divisor of 6 and 3742?
2
What is the highest common factor of 408 and 22272?
24
What is the greatest common factor of 816 and 6256?
272
Calculate the highest common factor of 14039 and 7645.
139
Calculate the greatest common divisor of 69 and 643747.
23
Calculate the highest common factor of 492 and 634188.
492
What is the greatest common factor of 14644 and 476?
28
What is the greatest common factor of 7256 and 584?
8
Calculate the highest common factor of 228971 and 802.
401
Calculate the highest common divisor of 262908 and 4796.
436
Calculate the greatest common factor of 41 and 64903.
41
What is the highest common factor of 327836 and 164?
164
Calculate the greatest common divisor of 28 and 271348.
28
Calculate the greatest common divisor of 904910 and 340.
170
What is the greatest common factor of 595 and 133?
7
Calculate the greatest common factor of 985 and 13199.
197
Calculate the highest common divisor of 1017204 and 348.
348
What is the highest common divisor of 5350 and 6950?
50
What is the greatest common divisor of 25524 and 60?
12
What is the highest common factor of 12 and 1403316?
12
Calculate the highest common factor of 17006 and 209.
11
What is the highest common factor of 1338100 and 100?
100
Calculate the greatest common factor of 7452 and 1332.
36
What is the highest common factor of 13189 and 654?
109
Calculate the highest common divisor of 18664 and 64.
8
Calculate the highest common divisor of 423 and 6903.
9
What is the greatest common divisor of 286 and 14729?
143
Calculate the greatest common divisor of 2291 and 4379.
29
What is the greatest common divisor of 174699 and 225?
9
What is the highest common divisor of 727070 and 10?
10
What is the greatest common divisor of 882 and 34